it of g(z)?
2
Suppose 3*w - 4*l + 11 = l, 0 = -2*w - 5*l + 26. Suppose -w*i - 9 = 18. What is the units digit of (-6)/i*4*3?
8
What is the units digit of ((-63)/28)/(3/(-72))?
4
What is the tens digit of (-368)/(-14) + (-8)/28?
2
Let g(o) = o + 57. What is the units digit of g(-13)?
4
Suppose -5*p + 2*l = -108, 0*p + 2*l = -4*p + 90. What is the tens digit of p?
2
Let s = -1 - -1. Let p be (-12)/(-42) - 2/7. Suppose -3*d + 0*d + 4*w + 4 = s, -4*d - 3*w + 22 = p. What is the units digit of d?
4
Let f(x) = -x**3 + 14*x**2 - x + 16. What is the units digit of f(14)?
2
Let s = -54 - -107. Suppose 3*p + s = 2*y, 3*y + 0*y - 4*p - 78 = 0. What is the tens digit of y?
2
Suppose -10 = 11*n - 6*n. What is the tens digit of 4/8*n + 22?
2
Let m(r) = -2*r + 1 - 1. Let h be m(-3). Suppose -d + h = -11. What is the units digit of d?
7
What is the units digit of ((-4 - -51) + -3)/1?
4
Suppose -2*i + 1 - 7 = 0, 3*i = 2*w - 57. What is the units digit of w?
4
Let m(a) = -3*a**3 + a. Let u be m(-1). Suppose 5*y - 2*w = -21, 6*y + 18 = 2*y + 2*w. What is the units digit of (4/(-6))/(u/y)?
1
Let t(h) = -h**3 + 4*h**2 + 2*h - 6. Let g be t(4). Let v(r) = -r - 6. Let x be v(-6). Suppose 2*q - 3 = -n, -2*n + x*n = g*q. What is the units digit of q?
3
Suppose 5*x + 46 = x + 2*q, -3*x - 17 = 2*q. What is the tens digit of 3/x + 79/3?
2
Suppose -2*k - 1 = -i - 7, -i - 8 = -3*k. Let j(d) = -d. Let t be j(-5). What is the units digit of (t/k)/(-5)*-2?
1
Let y be (-79)/(-7) + (-8)/28. Suppose 3*f - y = 2*f. What is the units digit of f?
1
Suppose -j - 4*q - 10 - 1 = 0, 3*j - 3 = -3*q. Suppose -5*f - j*d + 4 = -36, 5 = d. What is the units digit of ((f - 2) + 2)/3?
1
Suppose -3*m + 2*m = -8. Suppose -3*j + j = -m. What is the units digit of j?
4
Let j = -3 + 3. Suppose s - 2 + 7 = j. What is the units digit of (-6)/s*(-20)/(-3)?
8
Suppose -416 - 1174 = -5*x. What is the tens digit of x?
1
Let k be (2 - 3 - -1)*1. Suppose 0*u + 3*u - 42 = k. Let j = u - 5. What is the units digit of j?
9
Suppose -2 = 2*c - 10, 2*m - 126 = c. Suppose 5*f = -4*j + 35, m = 3*j - f - 3*f. What is the tens digit of j?
1
Suppose k - 2 = 12. Suppose -23 = 5*q + 2, -3*f = -q - 29. Let n = k - f. What is the units digit of n?
6
Let s(c) = -c**2 + 5*c + 16. Let f be s(7). Let z be 3 + -1*2 + 1. Suppose -z*d - 2*d + 4*p = 4, -f*p - 10 = -5*d. What is the units digit of d?
4
Let q(h) = -h**3 - 12*h**2 - 12*h - 8. Let s be q(-11). Suppose -m - 128 = -5*u + s*m, 2*m - 20 = -u. What is the units digit of u?
4
Suppose 2*c - 7*c = -25. Suppose 39 = 3*u + 4*a, 5*u + c*a - 60 = -0*a. Let j = u + -6. What is the units digit of j?
3
Let q(d) = -d + 3. Let f be q(0). Suppose f*j = 2*j + 9. What is the units digit of j?
9
Let b(w) = -4*w**3 + w**2. Let p(g) = 4*g + 1. Let s be p(-1). Let v be s - -2*(0 + 1). What is the units digit of b(v)?
5
Suppose 3*a + a = 0. Suppose -f + a = -s - 8, -2*s = 2*f + 4. Suppose -4*h - 3*b + 15 + 32 = 0, 4*b + 4 = f*h. What is the units digit of h?
8
Let k(x) = x + 2. Let r be k(-8). Let f(y) = -y**3 - 2*y**2 + 3*y + 3. Let z be f(-3). What is the units digit of (-8)/r*(z - 0)?
4
Let x be (-1 - -1)/(-1 - 0). Suppose x = -c + 3*l + 39 - 13, 0 = 2*c + 3*l - 52. What is the tens digit of c?
2
Let c(x) = 2*x + 1. Let g be c(8). Suppose 4*a + 23 = 5*y - 12, -g = y + 4*a. What is the units digit of y?
3
What is the tens digit of 5/(50/(-152))*(-13 + 8)?
7
Let o(x) be the first derivative of -x**3/3 - 6*x**2 - 4*x + 4. What is the units digit of o(-8)?
8
Let a(t) = -t**3 - 6*t**2 - t - 3. Let g be a(-6). Suppose -b + 236 = g*b. Suppose 5*f - b - 1 = 0. What is the units digit of f?
2
Suppose -2*u - 5 - 3 = 0. Let j = 6 + u. Suppose -j*f + 4*m = -28, -m - 9 = -f + 2. What is the units digit of f?
8
Suppose -2*u = 52 - 112. What is the tens digit of u?
3
Let x(u) = -u**3 - 8*u**2 + 10. Suppose -4*y + 0*y - 32 = 0. What is the tens digit of x(y)?
1
Let m(d) = -d**3 + 6*d**2 + d - 2. Let z(v) = 16*v + 1. Let r be z(-1). Let j = r + 21. What is the units digit of m(j)?
4
Suppose -3*q = -7*q. Suppose 0 = 2*i + 29 - 27. What is the tens digit of q - (i - -1) - -11?
1
Suppose 5*s = 3 + 7. Suppose s*b - b = 8. Suppose -n - b = -2*c, 0*n + 11 = 3*c - 2*n. What is the units digit of c?
5
Suppose 4*w = 9*w - 15. What is the units digit of w?
3
Let t = 46 + -7. What is the tens digit of t?
3
Let f(t) = 5*t**3 - t - 1. Let w be f(-1). Let b = -8 - w. Let s = 5 - b. What is the units digit of s?
8
Let g(n) = 3 - n - 4*n + 4*n. Let m be g(7). What is the units digit of 17/5 + m/10?
3
Let q = -14 - -20. Suppose q = -4*s + 26. Suppose -s*h = -h - 48. What is the units digit of h?
2
Let n = 118 - 84. What is the units digit of n?
4
What is the units digit of (-678)/(-21) + (-8)/28?
2
Let k(w) = -w**2 - 1. Let o be k(1). Let q be o/4*-2 + -2. Let l(s) = -4*s - 1. What is the units digit of l(q)?
3
Suppose 0*a = -2*a + 8. Suppose 0 = -y - a*y + 20. Let p = y + -3. What is the units digit of p?
1
Let q(k) = 3*k + 131. What is the tens digit of q(0)?
3
Let h(y) = -2*y**2 - 3*y**3 + 5*y + 1 - 2*y - 2*y. What is the tens digit of h(-2)?
1
What is the tens digit of (2 - 12/(-16))*12?
3
Let o = -11 - -113. What is the units digit of o?
2
Suppose d = -1 + 4. Let s = -2 + 4. Suppose 3*l - 27 = -d*i, 0 = -s*l + 9 + 1. What is the units digit of i?
4
Let u = -13 - -23. What is the tens digit of u?
1
Let f = 12 - 9. What is the units digit of 1/2*(23 + f)?
3
Let u(l) = -12*l + 20. What is the tens digit of u(-6)?
9
Let v(y) be the third derivative of -y**5/60 + y**4/8 + y**3/3 - y**2. Let d be v(3). Suppose 3*j - 30 = -d*j. What is the units digit of j?
6
What is the units digit of -4 + 0 - (-14 - -2)?
8
Suppose -1 = -f + 2. Suppose a + f*y + 5 = 0, y + 4*y + 15 = -a. What is the units digit of a?
0
Suppose 0 = 2*j + 2*g - 20, 5*j - 26 = 2*g + 24. Suppose -5*y + 7 = 42. Let r = j + y. What is the units digit of r?
3
Suppose -4*n - 4 = -3*n. Let w = n + 6. Suppose 5*d = -5*g + 5, g - 4*g - 4*d = w. What is the units digit of g?
6
Let o = -18 + 13. Let j = o - -11. What is the units digit of j?
6
Suppose -3*b = -b - 70. What is the tens digit of b?
3
Let x = 8 + -6. Suppose -n - x*q + 0 = -4, -4*n + 3*q + 38 = 0. What is the units digit of n?
8
Let h be (2 + -1)/(-1) + 4. Suppose -2*k = h*g - k - 7, -2*g + 22 = 5*k. What is the units digit of g?
1
What is the units digit of (12/10)/((-18)/(-420))?
8
Let k = -4 + 6. Let g be 4/k + -10 + -3. Let o = 20 + g. What is the units digit of o?
9
Let q = 1 - -9. Suppose 2*l = 4*l - q. What is the units digit of l?
5
Let a = 137 - 32. What is the tens digit of a?
0
Let y be 18 - -2 - (1 - 0). Suppose -3*k - 26 = -2*p, -y = -4*p + 3*k + 21. Suppose 0 = -j - 1 + p. What is the units digit of j?
6
What is the tens digit of (5 - 4)/(2/(2*107))?
0
What is the tens digit of (-10)/(-15) - -5*83/3?
3
Let r(u) = -35*u**3 + 2*u**2 + u. Suppose 2*o - 5*o = 3. Let w be r(o). Suppose n = -3*n + w. What is the units digit of n?
9
Suppose -24 = c - 5*c. What is the units digit of c?
6
Let w(u) = -9*u**3 - 37*u**2 + 9*u + 33. Let y(h) = -5*h**3 - 19*h**2 + 5*h + 17. Let d(p) = -6*w(p) + 11*y(p). What is the units digit of d(13)?
2
Let j(u) = 38*u. Let m be j(1). What is the tens digit of 1/(2 - m/20)?
1
Suppose 4*k - 110 = 6*k. What is the units digit of 130/11 + (-10)/k?
2
Let z(m) = m**2 - 10*m + 4. Let v be z(10). Suppose 0 = v*f - 0*f - 44. What is the units digit of f?
1
Let d(x) be the second derivative of x**4/12 - x**3/6 - x**2/2 - 2*x. Let o be d(-2). Suppose 7*y - o = 2*y. What is the units digit of y?
1
Let c(v) = 87*v**3 - v**2 + 1. What is the units digit of c(1)?
7
Suppose 322 = 5*i + 27. What is the units digit of i?
9
Let p(w) = -w**3 - 4*w**2 + 6*w - 5. Let u be p(-5). Let y be (-3)/15 + 8/u. What is the units digit of y*(0 + 27/(-3))?
9
Suppose -67*m + 74*m = 2401. What is the hundreds digit of m?
3
Let g(u) be the second derivative of -u**5/20 - u**3/6 - 2*u. What is the units digit of g(-1)?
2
Let p be (1 - -1)*(-62)/(-4). Let q = p + 9. What is the tens digit of q?
4
Let r = 0 + 2. What is the units digit of 4 - r - (-2)/(-2)?
1
Let p(v) = -v**3 + 7*v**2 - 4*v + 44. What is the units digit of p(6)?
6
Suppose 0 = 4*u - u + 3. What is the units digit of (u - -1)/(-2) - -31?